+ 4*m = 14, 2*t - 5 = -5*m + n. Let b = 1 - t. What is the units digit of b?
4
Let b(j) = j**2 - 4*j - 10. Let p(z) = z**3 + 4*z**2 - z + 4. Let g be p(-4). What is the tens digit of b(g)?
2
Suppose 5*j = 3*z - 200 - 95, 3*j = -5*z + 537. What is the tens digit of z?
0
Suppose 16 = 7*c - 3*c. Suppose w + c*w - 25 = 0. Suppose 12 = w*s - s. What is the units digit of s?
3
Suppose 4*o + 0 = 4. Let l(w) = w**3 + 2*w**2 - 5*w - 2. Let m be l(-3). Let i = o + m. What is the units digit of i?
5
Let a(w) = -11*w**3 - 2*w**2 - 2*w - 1. Let f be a(-1). Suppose 0 = -3*g + g + f. What is the units digit of g?
5
Let w be (-4)/(-14) + 74/(-14). Let v = w + 9. What is the units digit of v?
4
Suppose 5*m - 3 = 22. Suppose 0 = r - 65 - 15. Suppose p - 19 = -5*x + 79, -5*x + m*p + r = 0. What is the tens digit of x?
1
Let q(r) be the first derivative of 1 - 7/2*r**2 + 2/3*r**3 + 4*r. What is the units digit of q(4)?
8
Suppose 5*i - 2*i = -33. Suppose -30 - 30 = -3*c. Let j = i + c. What is the units digit of j?
9
Suppose -2*l + 6 = 3*t + 24, -4*l - 3*t = 48. Suppose 3 = -0*v - v - n, -4*n + 12 = 0. What is the units digit of ((-4)/(-5))/(v/l)?
2
Suppose -g = -2 - 2. Let r be 0*(-2)/4 + 4. Suppose r*x + g = 12. What is the units digit of x?
2
Let o(v) = v**2 - 6*v - 5. Let z be o(7). Suppose -3*x + 16 = -2*i, -1 = -x + 1. What is the units digit of z/i*(1 - 16)?
6
Let t = 1 + -4. Let u be (42/(-4))/(t/4). Suppose -3*b + 1 = -u. What is the units digit of b?
5
Suppose -c + 4 = -3. What is the units digit of c?
7
Let d(h) = 2 - 7*h - 4 + 4 - 4. What is the units digit of d(-2)?
2
Let d(j) = 6*j - 1. Let b be d(1). Suppose b*p = -105 + 5. What is the units digit of ((-1)/2)/(2/p)?
5
Suppose -c + 33 = 2*c. Suppose c = a - 11. Let k = a - 7. What is the tens digit of k?
1
Suppose 8 = 3*g + 2*p - 5, -3*p = 5*g - 21. Suppose 2*k = -x + 9 - 1, -g*k - 2*x + 12 = 0. What is the units digit of k?
4
Let n(c) be the first derivative of -c**3/3 + 6*c**2 - 4*c - 3. Let j be n(9). Suppose -j = 3*g - 59. What is the units digit of g?
2
Let c(d) = -d**2 + 11*d + 8. Let b be c(12). What is the tens digit of b/(-10) + 88/5?
1
Suppose 0 = -g + 6*g - 2*p - 123, -g + 30 = 5*p. What is the tens digit of g?
2
Suppose 2*l - 6 = -14. Let j = l + 11. Suppose -13 = -w + j. What is the tens digit of w?
2
Let d(j) = 5 - j**2 - 2*j - 1 - 2 - 4*j. Let v be d(-6). What is the tens digit of 12/3*5/v?
1
Suppose -3*u - 3*v = 9, -1 - 4 = v. Suppose 4*j - 14 = -u*r, r = -3*j + 10 - 0. Suppose -r = -h + 3. What is the units digit of h?
4
Suppose 7 + 11 = 3*p. Let q = 12 - p. Suppose 2*a - 4*d = q, -d = 2*d - 3. What is the units digit of a?
5
Let y = -85 - -321. What is the units digit of y?
6
Suppose -8 - 12 = -5*h. What is the units digit of 5/h + 6/8?
2
Suppose -w = 2 - 4. Let r be (-80)/12*3/w. What is the units digit of -1 + (-2 - (r + 1))?
6
What is the units digit of (-110)/33*(-33)/2?
5
Suppose 3*h - 1 = -5*y, 2*y - 3*y = 4*h - 7. Suppose -h*v = v - 93. What is the units digit of v?
1
What is the units digit of 168/9*(6 + -3)?
6
Let t(j) = j**3 - 14*j**2 + 2*j - 8. What is the tens digit of t(14)?
2
Suppose -2*l = -2 + 16. Let v(g) = -g**3 - 6*g**2 + 4*g - 10. Let h be v(l). Let u(f) = f - 9. What is the units digit of u(h)?
2
Suppose y = 4*y. Suppose y = 4*g - 3*g - 9. What is the units digit of g?
9
Let f = -9 - -3. Let i = 9 + f. What is the units digit of i?
3
Let n(a) = -a - 15. Let f be n(-11). Let x = 9 + f. Let h(q) = -q**3 + 4*q**2 + 7*q - 1. What is the units digit of h(x)?
9
Suppose -9 = 14*c - 15*c. What is the units digit of c?
9
Let p be ((-1)/(-3))/(1/39). Suppose -2*b - p = 4*t - 45, 2*b + 2*t - 24 = 0. What is the units digit of b?
8
What is the units digit of 118/(12/7 + (-6)/(-21))?
9
Suppose 3*t - t - 8 = 0. Suppose -t*b = -2*x - 134, b = -4*x - 0*x + 56. What is the units digit of b?
6
Suppose -2*g = -2, -4*g + 34 = h - 104. What is the units digit of h?
4
Suppose 0 = -5*u + 91 - 1. Let l be 4/6*u/4. Suppose -t - t - l*c + 4 = 0, 2*t - 20 = 5*c. What is the units digit of t?
5
Let l(m) be the third derivative of -m**6/120 - m**5/30 - m**4/8 - m**3/2 + 5*m**2. What is the units digit of l(-3)?
5
Suppose -21 = -4*o + g, -2*o + 4*o - 4*g - 28 = 0. What is the units digit of o?
4
Suppose 0 = -3*o - 2*o + 75. What is the units digit of (o/6)/(3/12)?
0
Let v = 134 - 88. What is the tens digit of v?
4
Let p(h) be the second derivative of -h**5/20 - h**4/2 + h**3/3 - 2*h**2 + 3*h. What is the units digit of p(-7)?
1
Suppose 0 = 2*s - h - 173, 5*s = -3*h - 0*h + 438. What is the tens digit of s?
8
Let u(f) = 3*f**2 + f**2 - 2*f**3 + 3*f**3 - 5*f. Let y be u(-5). Suppose 2*l + 2*l - 40 = y. What is the units digit of l?
0
Let b(o) = -9*o**3 + 2*o + 1. What is the units digit of b(-1)?
8
Let l(k) = -7*k**3 - k**2 + k - 1. Let x be l(1). Let s(y) = -2*y - 12. What is the units digit of s(x)?
4
Let u(k) = 5 - k**2 - 4 + 5*k**2. What is the units digit of u(1)?
5
Let t = -15 + 22. Suppose -3*g + 22 = 7, n - 2*g + t = 0. Suppose 5*r - 2*a = 28, -n*a + 35 = 5*r + 2*a. What is the units digit of r?
6
Suppose 0 = -19*a + 14*a. Suppose a*w + 154 = 3*j + 2*w, 4*j = -4*w + 212. What is the tens digit of j?
4
Suppose 0*u - 13 = -4*u - 3*s, -2*u - 5*s = -3. Suppose -u*l - 16 = -0*l. Let t(p) = -p**2 - 6*p - 5. What is the units digit of t(l)?
3
Let t(y) = -9*y + 16. What is the tens digit of t(-11)?
1
Let u(c) = 2*c**2 - 4*c - 1. Let w be u(3). Suppose -57 = -w*n + 43. What is the tens digit of n?
2
Let s = 2 - -2. Let f = s + 2. Suppose 0 = -2*t - t + f. What is the units digit of t?
2
Suppose l - 243 = -3*m, 4*m - 7 = 1. What is the hundreds digit of l?
2
Let r(v) = -10*v - 18. What is the tens digit of r(-18)?
6
Let i be 0 + -1 + (4 - 3). Suppose i = -2*m - m + 69. What is the units digit of m?
3
Let j(s) = -8*s**3 - 2*s**2 + 2*s + 1. What is the units digit of j(-2)?
3
Suppose 14 = 3*x + 5*r - 4, -3*x + r = 0. What is the units digit of x?
1
What is the tens digit of (24/(-14))/((-2)/42)?
3
Let m = -3 + -1. Let v = m - -5. What is the units digit of v?
1
Let z = -6 + 12. Let f = -2 + z. What is the units digit of f?
4
Let x(j) = j + 1. Let a be x(1). Suppose 3*s - 4*q = 28, -18 = 5*q + a. What is the units digit of s?
4
Suppose -c - 2*s = -75, s = -2*c + 5*c - 218. Suppose h - 3*f - c = -4*h, 5*h - 81 = f. What is the tens digit of h?
1
Let s be (-6)/8 + 7/(-28). Let c = s + 9. What is the units digit of c?
8
Let n(l) = 19*l + 23*l - 44*l. Let z = -8 - -5. What is the units digit of n(z)?
6
Let t be (0 - 1)/(4/(-8)). What is the units digit of t/3*(-18)/(-3)?
4
Let z = 23 + -13. Let i = -5 + z. Let j = i - 2. What is the units digit of j?
3
Suppose -200 = -4*h - 4*y, -2*y = 3*h - 7*y - 142. What is the tens digit of h?
4
Let r = -146 + 229. What is the units digit of r?
3
Suppose w + 10 = -4*y, 0 = -4*w + 3*y + 2*y + 44. Let u = 4 - 4. Let k = u + w. What is the units digit of k?
6
Let y(q) = 4*q**2 - 6*q - 1. What is the units digit of y(2)?
3
Suppose a = -5*m - 20, 2*a = -4*m - 18 - 16. Let g be 1/3 - a/9. Suppose -h = 3*h + 4, g*y + 2*h = 12. What is the units digit of y?
7
Suppose 3*l = 4 + 14. What is the tens digit of (-64)/(-3) - l/(-9)?
2
Suppose -2 = -2*o, 2*a + 27 = o + 8. Let j = 13 + a. Suppose -2*w = x - 11, 3*x + j*w = 7*x + 4. What is the units digit of x?
3
Let m(o) = 2*o**2 + 18*o - 1. What is the tens digit of m(-10)?
1
Let l be 15/6 + 9/6. Let f = 13 - l. What is the units digit of f?
9
Let u(b) = -b**3 + 7*b**2 + 8*b - 12. Let n be u(8). Let z be (-303)/n - (-1)/(-4). Suppose -z + 0 = -5*m. What is the units digit of m?
5
Let a = 13 + -8. Suppose -a*z = -z + 20. Let p = z + 12. What is the units digit of p?
7
Suppose 0 = i - 7 - 22. What is the tens digit of i?
2
Let b = 33 + -61. Let o = b - -72. Suppose 0 = -3*q - 5*i + i + 38, 4*q + 4*i - o = 0. What is the units digit of q?
6
Suppose -2*c + 44 = -u + 5*u, -3*c + 52 = -u. Suppose -51 = -3*d - c. What is the tens digit of d?
1
Let o(s) = s**3 - s**2 - s + 56. What is the units digit of o(0)?
6
Suppose -4*b = -7*b - 6. What is the tens digit of 33 + -1 + (b - -2)?
3
Suppose -5*g = -186 - 34. What is the tens digit of g?
4
Let r = -31 + 61. What is the units digit of r?
0
Let g = -50 + 72. Suppose 5*v + 7 - g = -4*a